[INFO] fetching crate tralloc 0.1.1...
[INFO] checking tralloc-0.1.1 against master#cfbc6d4cf1acbac5c025acf8ed68929caa551df3 for pr-75494-beta
[INFO] extracting crate tralloc 0.1.1 into /workspace/builds/worker-14/source
[INFO] validating manifest of crates.io crate tralloc 0.1.1 on toolchain cfbc6d4cf1acbac5c025acf8ed68929caa551df3
[INFO] running `Command { std: "/workspace/cargo-home/bin/cargo" "+cfbc6d4cf1acbac5c025acf8ed68929caa551df3" "read-manifest" "--manifest-path" "Cargo.toml", kill_on_drop: false }`
[INFO] started tweaking crates.io crate tralloc 0.1.1
[INFO] finished tweaking crates.io crate tralloc 0.1.1
[INFO] tweaked toml for crates.io crate tralloc 0.1.1 written to /workspace/builds/worker-14/source/Cargo.toml
[INFO] crate crates.io crate tralloc 0.1.1 already has a lockfile, it will not be regenerated
[INFO] running `Command { std: "/workspace/cargo-home/bin/cargo" "+cfbc6d4cf1acbac5c025acf8ed68929caa551df3" "fetch" "--locked" "--manifest-path" "Cargo.toml", kill_on_drop: false }`
[INFO] running `Command { std: "docker" "create" "-v" "/var/lib/crater-agent-workspace/builds/worker-14/target:/opt/rustwide/target:rw,Z" "-v" "/var/lib/crater-agent-workspace/builds/worker-14/source:/opt/rustwide/workdir:ro,Z" "-v" "/var/lib/crater-agent-workspace/cargo-home:/opt/rustwide/cargo-home:ro,Z" "-v" "/var/lib/crater-agent-workspace/rustup-home:/opt/rustwide/rustup-home:ro,Z" "-e" "SOURCE_DIR=/opt/rustwide/workdir" "-e" "CARGO_TARGET_DIR=/opt/rustwide/target" "-e" "CARGO_HOME=/opt/rustwide/cargo-home" "-e" "RUSTUP_HOME=/opt/rustwide/rustup-home" "-w" "/opt/rustwide/workdir" "-m" "1610612736" "--user" "0:0" "--network" "none" "rustops/crates-build-env@sha256:a636fd89d022f18117e1dc8fb37a0a009933cdbbe082814857f0e2024962d47c" "/opt/rustwide/cargo-home/bin/cargo" "+cfbc6d4cf1acbac5c025acf8ed68929caa551df3" "metadata" "--no-deps" "--format-version=1", kill_on_drop: false }`
[INFO] [stdout] 9a9a6bb82ebec29c40a0cb3464c210374d19ef6867c927aee2d34475aaa69271
[INFO] [stderr] WARNING: Your kernel does not support swap limit capabilities or the cgroup is not mounted. Memory limited without swap.
[INFO] running `Command { std: "docker" "start" "-a" "9a9a6bb82ebec29c40a0cb3464c210374d19ef6867c927aee2d34475aaa69271", kill_on_drop: false }`
[INFO] running `Command { std: "docker" "inspect" "9a9a6bb82ebec29c40a0cb3464c210374d19ef6867c927aee2d34475aaa69271", kill_on_drop: false }`
[INFO] running `Command { std: "docker" "rm" "-f" "9a9a6bb82ebec29c40a0cb3464c210374d19ef6867c927aee2d34475aaa69271", kill_on_drop: false }`
[INFO] [stdout] 9a9a6bb82ebec29c40a0cb3464c210374d19ef6867c927aee2d34475aaa69271
[INFO] running `Command { std: "docker" "create" "-v" "/var/lib/crater-agent-workspace/builds/worker-14/target:/opt/rustwide/target:rw,Z" "-v" "/var/lib/crater-agent-workspace/builds/worker-14/source:/opt/rustwide/workdir:ro,Z" "-v" "/var/lib/crater-agent-workspace/cargo-home:/opt/rustwide/cargo-home:ro,Z" "-v" "/var/lib/crater-agent-workspace/rustup-home:/opt/rustwide/rustup-home:ro,Z" "-e" "SOURCE_DIR=/opt/rustwide/workdir" "-e" "CARGO_TARGET_DIR=/opt/rustwide/target" "-e" "CARGO_INCREMENTAL=0" "-e" "RUST_BACKTRACE=full" "-e" "RUSTFLAGS=--cap-lints=forbid" "-e" "CARGO_HOME=/opt/rustwide/cargo-home" "-e" "RUSTUP_HOME=/opt/rustwide/rustup-home" "-w" "/opt/rustwide/workdir" "-m" "1610612736" "--user" "0:0" "--network" "none" "rustops/crates-build-env@sha256:a636fd89d022f18117e1dc8fb37a0a009933cdbbe082814857f0e2024962d47c" "/opt/rustwide/cargo-home/bin/cargo" "+cfbc6d4cf1acbac5c025acf8ed68929caa551df3" "check" "--frozen" "--all" "--all-targets" "--message-format=json", kill_on_drop: false }`
[INFO] [stderr] WARNING: Your kernel does not support swap limit capabilities or the cgroup is not mounted. Memory limited without swap.
[INFO] [stdout] 8401c68ba1ae9869c27ae279b91a32e921854103c89703bdd07817866f5ef8cd
[INFO] running `Command { std: "docker" "start" "-a" "8401c68ba1ae9869c27ae279b91a32e921854103c89703bdd07817866f5ef8cd", kill_on_drop: false }`
[INFO] [stderr]     Blocking waiting for file lock on package cache
[INFO] [stderr]     Checking tralloc v0.1.1 (/opt/rustwide/workdir)
[INFO] [stdout] error[E0432]: unresolved import `std::alloc::Alloc`
[INFO] [stdout]  --> src/lib.rs:7:18
[INFO] [stdout]   |
[INFO] [stdout] 7 | use std::alloc::{Alloc, AllocErr, GlobalAlloc, Layout, System};
[INFO] [stdout]   |                  ^^^^^
[INFO] [stdout]   |                  |
[INFO] [stdout]   |                  no `Alloc` in `alloc`
[INFO] [stdout]   |                  help: a similar name exists in the module: `alloc`
[INFO] [stdout] 
[INFO] [stdout] 
[INFO] [stdout] error[E0554]: `#![feature]` may not be used on the beta release channel
[INFO] [stdout]  --> src/lib.rs:1:1
[INFO] [stdout]   |
[INFO] [stdout] 1 | #![feature(allocator_api, maybe_uninit)]
[INFO] [stdout]   | ^^^^^^^^^^^^^^^^^^^^^^^^^^^^^^^^^^^^^^^^
[INFO] [stdout] 
[INFO] [stdout] 
[INFO] [stdout] warning: unused import: `null_mut`
[INFO] [stdout]   --> src/lib.rs:12:16
[INFO] [stdout]    |
[INFO] [stdout] 12 | use std::ptr::{null_mut, NonNull};
[INFO] [stdout]    |                ^^^^^^^^
[INFO] [stdout]    |
[INFO] [stdout]    = note: `#[warn(unused_imports)]` on by default
[INFO] [stdout] 
[INFO] [stdout] 
[INFO] [stdout] error: aborting due to 2 previous errors; 1 warning emitted
[INFO] [stdout] 
[INFO] [stdout] 
[INFO] [stdout] Some errors have detailed explanations: E0432, E0554.
[INFO] [stdout] 
[INFO] [stdout] For more information about an error, try `rustc --explain E0432`.
[INFO] [stdout] 
[INFO] [stdout] error[E0432]: unresolved import `std::alloc::Alloc`
[INFO] [stdout]  --> src/lib.rs:7:18
[INFO] [stdout]   |
[INFO] [stdout] 7 | use std::alloc::{Alloc, AllocErr, GlobalAlloc, Layout, System};
[INFO] [stdout]   |                  ^^^^^
[INFO] [stdout]   |                  |
[INFO] [stdout]   |                  no `Alloc` in `alloc`
[INFO] [stdout]   |                  help: a similar name exists in the module: `alloc`
[INFO] [stdout] 
[INFO] [stdout] 
[INFO] [stdout] error[E0554]: `#![feature]` may not be used on the beta release channel
[INFO] [stdout]  --> src/lib.rs:1:1
[INFO] [stdout]   |
[INFO] [stdout] 1 | #![feature(allocator_api, maybe_uninit)]
[INFO] [stdout]   | ^^^^^^^^^^^^^^^^^^^^^^^^^^^^^^^^^^^^^^^^
[INFO] [stdout] 
[INFO] [stdout] 
[INFO] [stderr] error: could not compile `tralloc`.
[INFO] [stdout] warning: unused import: `null_mut`
[INFO] [stdout]   --> src/lib.rs:12:16
[INFO] [stdout]    |
[INFO] [stdout] 12 | use std::ptr::{null_mut, NonNull};
[INFO] [stdout]    |                ^^^^^^^^
[INFO] [stdout]    |
[INFO] [stdout]    = note: `#[warn(unused_imports)]` on by default
[INFO] [stdout] 
[INFO] [stdout] 
[INFO] [stderr] 
[INFO] [stdout] error: aborting due to 2 previous errors; 1 warning emitted
[INFO] [stdout] 
[INFO] [stdout] 
[INFO] [stderr] To learn more, run the command again with --verbose.
[INFO] [stdout] Some errors have detailed explanations: E0432, E0554.
[INFO] [stdout] 
[INFO] [stderr] warning: build failed, waiting for other jobs to finish...
[INFO] [stdout] For more information about an error, try `rustc --explain E0432`.
[INFO] [stdout] 
[INFO] [stderr] error: build failed
[INFO] running `Command { std: "docker" "inspect" "8401c68ba1ae9869c27ae279b91a32e921854103c89703bdd07817866f5ef8cd", kill_on_drop: false }`
[INFO] running `Command { std: "docker" "rm" "-f" "8401c68ba1ae9869c27ae279b91a32e921854103c89703bdd07817866f5ef8cd", kill_on_drop: false }`
[INFO] [stdout] 8401c68ba1ae9869c27ae279b91a32e921854103c89703bdd07817866f5ef8cd
